the greatest common factor of 783 and 27.
27
Calculate the highest common factor of 25 and 475.
25
Calculate the highest common divisor of 1969 and 253.
11
Calculate the greatest common divisor of 325 and 1400.
25
What is the highest common factor of 280 and 2030?
70
Calculate the greatest common divisor of 18 and 30.
6
What is the greatest common divisor of 1005 and 15?
15
What is the highest common divisor of 3108 and 420?
84
Calculate the greatest common factor of 1936 and 1276.
44
What is the highest common divisor of 300 and 75?
75
What is the greatest common factor of 72 and 128?
8
Calculate the greatest common factor of 7240 and 2.
2
Calculate the highest common factor of 36 and 363.
3
Calculate the greatest common factor of 890 and 730.
10
What is the greatest common factor of 287 and 82?
41
Calculate the greatest common factor of 45 and 2799.
9
Calculate the highest common divisor of 1737 and 36.
9
What is the highest common factor of 30492 and 84?
84
Calculate the greatest common divisor of 50 and 44150.
50
Calculate the greatest common divisor of 448 and 28.
28
Calculate the highest common divisor of 540 and 14400.
180
Calculate the highest common divisor of 204 and 180.
12
What is the greatest common factor of 351 and 16731?
117
Calculate the highest common divisor of 116 and 1044.
116
Calculate the greatest common divisor of 19 and 4674.
19
Calculate the greatest common factor of 62 and 713.
31
Calculate the greatest common factor of 3832 and 16.
8
What is the greatest common factor of 184 and 322?
46
Calculate the highest common factor of 23192 and 104.
104
Calculate the greatest common factor of 186 and 6.
6
What is the highest common divisor of 2651 and 88?
11
Calculate the highest common factor of 315 and 189.
63
What is the highest common divisor of 18 and 24?
6
What is the highest common divisor of 688 and 8084?
172
What is the highest common divisor of 147 and 6?
3
Calculate the greatest common divisor of 472 and 8.
8
What is the highest common factor of 2041 and 39?
13
Calculate the highest common factor of 1216 and 19.
19
What is the highest common factor of 496 and 16?
16
Calculate the highest common divisor of 17 and 3859.
17
What is the highest common factor of 17 and 2227?
17
Calculate the greatest common divisor of 14 and 16814.
14
What is the highest common divisor of 112 and 64?
16
Calculate the highest common divisor of 2400 and 192.
96
What is the highest common factor of 806 and 26?
26
Calculate the greatest common divisor of 44 and 209.
11
What is the greatest common factor of 13 and 6227?
13
Calculate the highest common divisor of 26 and 7969.
13
What is the highest common divisor of 36 and 4308?
12
Calculate the greatest common divisor of 261 and 348.
87
Calculate the highest common factor of 50 and 875.
25
Calculate the greatest common divisor of 18 and 1497.
3
Calculate the greatest common factor of 999 and 37.
37
What is the greatest common divisor of 5726 and 14?
14
What is the highest common divisor of 6128 and 80?
16
What is the greatest common factor of 280 and 9080?
40
What is the highest common factor of 1914 and 261?
87
Calculate the greatest common factor of 389 and 2.
1
What is the greatest common factor of 195 and 4065?
15
Calculate the highest common divisor of 897 and 483.
69
Calculate the greatest common divisor of 255 and 408.
51
What is the highest common factor of 5424 and 48?
48
What is the highest common divisor of 51 and 2771?
17
Calculate the highest common factor of 286 and 26.
26
What is the highest common divisor of 170 and 12835?
85
What is the greatest common factor of 84 and 1050?
42
What is the greatest common divisor of 799 and 102?
17
Calculate the highest common factor of 288 and 2034.
18
What is the greatest common divisor of 1313 and 13?
13
What is the highest common factor of 783 and 29?
29
What is the greatest common factor of 774 and 72?
18
What is the greatest common factor of 28 and 14?
14
Calculate the highest common divisor of 177 and 236.
59
Calculate the highest common divisor of 20 and 1175.
5
Calculate the greatest common factor of 8 and 536.
8
Calculate the greatest common divisor of 84 and 108.
12
What is the greatest common factor of 50 and 8?
2
Calculate the highest common divisor of 25 and 5725.
25
What is the highest common factor of 333 and 74?
37
What is the highest common divisor of 4945 and 805?
115
Calculate the highest common divisor of 6 and 13998.
6
What is the greatest common divisor of 1022 and 14?
14
What is the highest common factor of 10569 and 39?
39
Calculate the highest common divisor of 34 and 13804.
34
What is the highest common divisor of 36926 and 74?
74
Calculate the highest common divisor of 196 and 756.
28
Calculate the greatest common divisor of 92 and 24.
4
What is the greatest common divisor of 540 and 40?
20
Calculate the highest common divisor of 1312 and 160.
32
What is the greatest common divisor of 155 and 5?
5
Calculate the highest common divisor of 1513 and 89.
89
What is the highest common factor of 2 and 431?
1
What is the greatest common divisor of 870 and 3625?
145
Calculate the greatest common divisor of 56 and 1337.
7
What is the highest common factor of 16 and 16?
16
What is the greatest common factor of 6116 and 44?
44
What is the highest common divisor of 748 and 221?
17
Calculate the highest common divisor of 220 and 37180.
220
Calculate the highest common divisor of 6 and 48.
6
What is the highest common factor of 1689 and 3?
3
What is the highest common factor of 440 and 40?
40
What is the greatest common factor of 288 and 92?
4
What is the greatest common factor of 8195 and 5?
5
What is the greatest common factor of 10 and 590?
10
Calculate the greatest common factor of 559 and 1183.
13
What is the highest common divisor of 40 and 720?
40
What is the highest common divisor of 209 and 803?
11
Calculate the greatest common factor of 64 and 11552.
32
Calculate the greatest common factor of 81 and 72.
9
What is the highest common factor of 4194 and 72?
18
Calculate the greatest common factor of 12 and 18.
6
What is the greatest common factor of 2556 and 4047?
213
Calculate the highest common divisor of 75 and 25.
25
Calculate the greatest common divisor of 108 and 30.
6
Calculate the highest common divisor of 68 and 2516.
68
What is the greatest common factor of 83853 and 33?
33
What is the greatest common divisor of 266 and 112?
14
Calculate the greatest common divisor of 775 and 1800.
25
Calculate the highest common factor of 471 and 1256.
157
What is the greatest common divisor of 17 and 1428?
17
What is the greatest common divisor of 174 and 87?
87
Calculate the highest common factor of 1224 and 24.
24
What is the greatest common divisor of 16 and 19288?
8
What is the greatest common divisor of 1701 and 6?
3
Calculate the greatest common divisor of 297 and 187.
11
Calculate the highest common factor of 780 and 60.
60
What is the highest common factor of 50 and 610?
10
Calculate the highest common divisor of 41 and 820.
41
Calculate the highest common factor of 720 and 735.
15
Calculate the greatest common factor of 64 and 112.
16
Calculate the highest common factor of 5 and 37.
1
Calculate the greatest common factor of 74 and 185.
37
What is the highest common factor of 80 and 260?
20
Calculate the greatest common factor of 2233 and 33.
11
Calculate the greatest common factor of 87 and 377.
29
What is the greatest common factor of 136 and 119?
17
Calculate the greatest common factor of 341 and 121.
11
Calculate the greatest common divisor of 184 and 1564.
92
What is the greatest common divisor of 93 and 6944?
31
What is the greatest common divisor of 27 and 12015?
27
Calculate the greatest common divisor of 18 and 402.
6
Calculate the greatest common factor of 1472 and 644.
92
What is the greatest common divisor of 159 and 106?
53
Calculate the highest common factor of 6 and 81.
3
What is the greatest common divisor of 490 and 441?
49
Calculate the highest common factor of 26040 and 20.
20
Calculate the greatest common divisor of 188 and 8.
4
Calculate the greatest common divisor of 171 and 760.
19
What is the greatest common divisor of 42 and 105?
21
What is the highest common divisor of 28 and 42?
14
What 